 -3. What is u(w)?
-5
Suppose 0 = -0*j - 5*j - 5*p + 35, -20 = -3*j - 2*p. Suppose -j = -2*v - 2. Let y(m) = -3*m**2 - m**2 - v*m**2 + 3*m**2. What is y(1)?
-3
Let d be 8/(-2) + 17 + -6. Let q(i) = -4*i - 5 + 8*i**2 - i**3 + 0*i - 4. Calculate q(d).
12
Let l(i) = -i**2 + 4*i + 1. Let d be (-4 - 1)*10/(-25). Calculate l(d).
5
Let h be (-20)/(-6) - 2/6. Let k(n) = -h*n + 3 - 3*n**2 + 2 - 6. Let m = 4 + -6. Calculate k(m).
-7
Let g(w) = -w**3 + 9*w**2 - 4*w + 4. Suppose f - 2 = 0, 5*y - 4*f - 12 = 20. What is g(y)?
36
Let f be (-4)/((-16)/(-4) - 6). Let c(d) = 20*d**2 + 2*d - 41*d**2 - 2 + 20*d**f. Determine c(3).
-5
Let o(g) be the first derivative of 7*g**5/120 - g**4/24 - 41*g**3/3 - 10. Let f(d) be the third derivative of o(d). Give f(-1).
-8
Let u(a) = a**2 + 3*a + 1. Let v(f) be the third derivative of 5*f**4/24 + 2*f**3/3 - 4*f**2. Let j be v(-8). Let i be j/10 - (-21)/35. What is u(i)?
1
Suppose -2 = 3*c - 14. Let s(k) be the first derivative of k - 2/3*k**3 + 4 + 1/2*k**2 - 1/4*k**c. What is s(-3)?
7
Let i be (-1)/((8/10)/4). Let k(m) = -m**3 - 6*m**2 - 9*m - 8. Give k(i).
12
Let i(u) = u + 1. Let m(r) = 3*r + 1. Let c(k) be the second derivative of -2*k**3/3 - 7*k**2 + 5*k. Let t be c(-4). Let d(q) = t*i(q) - m(q). Calculate d(5).
-4
Let b(n) = n**3 + 5*n**2 + 8*n + 6. Let o be b(-4). Let u be (2/6)/(o/30). Let j(t) = 13*t**3 + 2*t + 1. What is j(u)?
-14
Let z(h) = h + 2. Suppose -p + 3*p - 2*m + 2 = 0, 0 = 2*p - 3*m. Let l be 5 + (0 + 3)/p. Let u = l - 0. What is z(u)?
6
Suppose 6*w = -65 + 41. Let v(b) = b - 2*b + 8 - 9. What is v(w)?
3
Let f be (6 + (-3 - 6))/(9/24). Let x(y) be the first derivative of -y**4/4 - 7*y**3/3 + 4*y**2 + y + 1. What is x(f)?
1
Let c(f) = f**2 - 7*f - 10. Let u(n) = -3*n**2 + 19*n + 29. Let d(z) = -8*c(z) - 3*u(z). Give d(0).
-7
Let m(j) be the third derivative of -j**6/120 + j**5/15 - j**4/12 - j**3/3 - 2*j**2. Let t = -3567 + 3571. Calculate m(t).
-10
Let i = -6300 - -6309. Let c(h) be the second derivative of -h**5/20 + 2*h**4/3 + 4*h**3/3 + 9*h**2/2 - 2*h. Determine c(i).
0
Let j(m) be the first derivative of -2*m**3/3 + 19*m**2/2 - 24*m + 225. Determine j(8).
0
Let n be (-2)/3*(-42)/(-4). Let v(f) be the third derivative of f**6/120 + 7*f**5/60 + f**4/12 + 5*f**3/3 + 23*f**2. Give v(n).
-4
Let f(p) = 12*p + p + 13 + 10*p**2 - 9*p**2. Give f(-11).
-9
Let o(l) = -5*l + 8. Let v(q) = -2*q. Let s(a) = -o(a) + 4*v(a). Suppose -14 = -9*i - 50. Determine s(i).
4
Let z(b) = -b**2 + 6*b + 3. Let f be -1 - (-4)/((-4)/(-9)). Let r be 19/4 - (-2)/f. Determine z(r).
8
Let x(s) = -s**3 - 17*s**2 + 19*s + 20. Suppose -7*u = -u + 108. Let n be x(u). Let g(w) = w**2 - 3*w + 2. What is g(n)?
0
Let f = 37 - 41. Let a(p) = -p**2 + 2*p + 11. Let m(v) = -v**2 + v + 10. Let w(q) = f*a(q) + 5*m(q). Determine w(-5).
-4
Suppose -12 = 10*q - 4*q. Suppose 5*l - j + 0 - 3 = 0, -5*l - 3 = -4*j. Let i(g) = -5*g**2 + l + 2*g + 2*g**2 + 3*g**2 + g**2. Give i(q).
1
Let c(y) = 3*y - 1. Suppose -14*i = -9*i - 25. Suppose -7 = 2*x - i. What is c(x)?
-4
Let z(d) = 4*d - 1. Suppose 2*i - 10 = n, 2*i - 2*n - 18 = 3*n. Let q be 8/(-1) + (4 - 2). Let v = i + q. Determine z(v).
-9
Let s be 0 + (5 - -110 - -4). Suppose -3*d = -s + 113. Let n(c) = c**3 - 3*c**2 - 2*c + 3. Give n(d).
-5
Let l(d) = d**2 + 1. Suppose 32 - 34 = -2*q. Give l(q).
2
Let b(l) = -2*l**2 - 23*l + 8. Let r be b(-12). Suppose 0 = -3*f + 10 + 5. Let j(d) = -4*d**2 + 2 + f*d + 5*d**2 + 0*d**2. What is j(r)?
-2
Let c = -6 + 8. Suppose -c*i = -0*i - 44. Suppose -2*f = -2*o + 2, 5*f - i = -7*o + 3*o. Let u(a) = -2*a**2 + 3*a - 1. What is u(f)?
-3
Let x(w) = w**3 + 7*w**2 - 11*w - 20. Let n be (28/(-21) - -2)*-12. Give x(n).
4
Let j(s) = s - 12. Let v = 488 - 478. Determine j(v).
-2
Let l = 11 - 5. Let i(s) be the third derivative of s**5/60 - 5*s**4/24 - s**3/3 - s**2 - 3. Calculate i(l).
4
Let m be (-1)/6 - 62/(-12). Let b(q) be the third derivative of q**6/120 - q**5/12 + q**4/24 + q**3/6 - 37*q**2 + 1. What is b(m)?
6
Let c(t) = t**2 + t. Let q(j) = -6*j - 5 - 9 - 2*j**2 - 3*j + 16. Let r(y) = 5*y. Let d be r(-1). Let o be q(d). Give c(o).
6
Let h(s) = s. Let p = -200 - -201. Let v(k) = k + 4. Let x be v(0). Let z(l) = -l**2 + 3*l - 3. Let c(n) = p*z(n) + x*h(n). Calculate c(6).
3
Let m(g) = -21*g + 24. Let r(d) = 21*d - 18. Let n(p) = 3*m(p) + 4*r(p). Calculate n(-2).
-42
Let m be (16/(-3))/4 + (-50)/(-15). Let v(c) be the second derivative of -3*c - 1/2*c**m + 0 - 5/6*c**3. What is v(-3)?
14
Let h(s) = 23 + 16*s**2 + 0 - 10*s + s**3 - 6*s. Let f be h(-17). Let x(o) be the second derivative of -o**4/12 + o**3 - 7*o**2/2 + o. Give x(f).
-7
Suppose -2*a = -4*k - 4*a + 32, -3*k + 6 = -3*a. Let x(t) = -t**3 + 5*t**2 + 10*t - 9. What is x(k)?
15
Let j be 4*(-3)/(-10 + 4). Let h(p) = 1 - 11*p**2 - 3*p + 14*p**j - p**3 - 2*p**3. Give h(2).
-17
Let p(g) = 2*g**3 - 3*g**2 - g + 2. Let s be p(2). Let f(k) = -2*k - 4 - s + 4. Suppose 4 = -4*x + 2*o + 2*o, 7 = -4*x + 3*o. Determine f(x).
4
Let w(u) = -u. Let k = -890 - -897. Determine w(k).
-7
Let s(j) = 14*j + 12. Suppose -5*x = 5*t - 30, 0 = -4*x - 3*t + 10 + 16. Let p(b) = 5*b + 4. Let g(h) = x*p(h) - 3*s(h). Give g(3).
-10
Let n(w) = 5 - 6*w + 5 - 15 + 5*w. Determine n(6).
-11
Let b(o) = -o**2 - 12*o - 19. Let a be b(-10). Let q(u) = -u + 2 + a + 4*u - 2*u. Give q(6).
9
Let p(d) = -d + 6. Suppose -3*m - 1 = 3*n - n, -34 = -3*m + 5*n. Suppose 2*h = -m - 5. Let j(b) = b**2 + 3*b + 3. Let x be j(h). Give p(x).
-1
Let c = 8 - 2. Let h(g) = 2*g + 1. Let t = 15 + -10. Let d(j) = 3*j + 1. Let w(n) = t*d(n) - 7*h(n). What is w(c)?
4
Let w be 6 - (-49)/(-8) - (-42)/(-48). Let s(q) be the second derivative of 9*q**4/4 + q**3/6 - q. What is s(w)?
26
Let p(v) = -1 - 2*v + v + v**2 - 13*v**2. Suppose -9 = 2*q - 3*z + 2, 0 = 5*q - z + 8. What is p(q)?
-12
Let k be 6/33 - (114/(-11))/(-2). Let y = -11 - k. Let v(a) = a**2 + 7*a + 2. Calculate v(y).
-4
Let a(f) = f**3 + 2 - 5*f**2 + 4603*f - 4603*f. Let l be (-2 - -1)/((-2)/10). What is a(l)?
2
Let h = 11 + -8. Let y = -4 - -9. Let b(l) = 2*l**2 + 0*l - l + y*l - 3*l**2. What is b(h)?
3
Suppose 2*y - 4*z - 14 = 0, 2*y + 5*z - 3 = 2. Suppose 0 = 5*n - i - 5 - 5, -5*n + 3*i = 0. Let g(s) = n + 0*s + y*s - 2*s - 12. Give g(6).
9
Let s(q) = -92*q. Let y(r) = 60*r + 2. Let c(v) = 2*s(v) + 3*y(v). Let k(z) = z + 3. Let d be k(3). Calculate c(d).
-18
Let k(n) = n**2 - 5*n + 2. Let d be k(3). Let h(f) = 11*f - 2. Let l(a) = 13*a - 1. Let w(x) = -7*h(x) + 6*l(x). Calculate w(d).
4
Suppose 0 = 2*w + j - 6*j + 29, 0 = 4*w + 3*j - 7. Let u(h) = 5*h. Let k(n) = 6*n. Let x(g) = w*k(g) + 3*u(g). Let t = -94 + 96. Determine x(t).
6
Suppose 9*o = -7 - 20. Let u(f) = 3*f**2 + 3*f + 2. What is u(o)?
20
Let a(v) = v + 4. Let f be (-1 + 0)*(16 - 22). Calculate a(f).
10
Let o = -558 - -570. Let w(d) = -d**2 + 15*d - 29. What is w(o)?
7
Let z(x) = -3*x**2 + 3*x. Suppose 5*i = 2*i - 5*f + 50, -5*i = f - 76. Let h = -13 + i. What is z(h)?
-6
Suppose 5*q = -3*g + 39, -17*g - q + 27 = -14*g. Let z(x) = -x**3 - x**2. Let a(l) = 3*l**3 + 11*l**2 + 8*l - 8. Let d(v) = a(v) + 4*z(v). What is d(g)?
-8
Suppose 19 + 9 = 4*h. Suppose 2*l - h = -f, -l - l - 3*f = 3. Let b(s) be the second derivative of -s**4/12 + 7*s**3/6 + 3*s**2/2 + s + 29. Calculate b(l).
9
Suppose -29*r + 74 = 16. Let x(u) be the first derivative of 1/2*u**r - 8 + 10*u. What is x(-7)?
3
Let z(q) = -8*q - 57. Let s be z(-7). Let a(o) be the third derivative of -o**5/60 - o**4/12 - o**3/6 + o**2. What is a(s)?
0
Let s(g) be the second derivative of 3*g**5/20 + g**4/3 + g**3/3 - g**2/2 - 68*g. Determine s(-3).
-52
Let q(a) = 12*a + a**2 - 316 - 322 + 627 - 2*a**2. Let r(p) = p**3 + 6*p**2 + 6*p + 1. Let x be r(-4). Calculate q(x).
16
Let w(n) = -n**3 + 2*n**2 + 4*n - 4. Suppose 0 = -30*y + 40 + 50. Calculate w(y).
-1
Let s be (1 + -5)*3/(-6). Let q(p) = 23*p - 13*p + 2 - 12*p - 5*p - 2*p**s. Determine q(-5).
-13
Let u(h) = h**3 - h**2 + 2*h - 3. Let b be u(2). Let g(w) = -b*w**2 - 3 - w**3 - 1 - 2 - 3*w. Suppose 109*m - 107*m = -8. Determine g(m).
-10
Let r(q) = q**2 - 13*q + 4. Let b(y) = 5*y**2 - 80*y + 25. Let v(t) = -6*b(t) + 34*r(t). What is v(-10)?
6
Let w(m) = 40 + 41 + m - 80. Let g = -19 - -15. Calculate w(g).
-3
Suppose 2*c + 26*c - 6*c = 0. Let p(b) =